 of f and 51?
17
Let r(q) = q**2 + 12*q - 34. Let k be r(-21). Calculate the highest common divisor of 124 and k.
31
Let a = -1878 - -1920. Calculate the highest common factor of a and 259.
7
Suppose 80 = 10*x - 2*x. Let u(h) = -h**2 + 12*h. Let r be u(x). Suppose -r*g = -22*g + 200. What is the highest common divisor of g and 25?
25
Suppose 12 + 243 = 15*a. Suppose -j + 2*j + 253 = 0. Let r be 6/15 - j/5. Calculate the highest common factor of r and a.
17
Suppose -2520 = -32*b - 38*b. What is the highest common divisor of b and 1548?
36
Let t be -1*(0 - (40 - -1)). Suppose 4*s + t = 109. Let h = 1880 + -1812. What is the greatest common factor of h and s?
17
Let q be 16 + -13 - 38/(-2). Let f(w) = -7 + q*w**2 - 20*w**2 - 5*w + 3. Let a be f(5). What is the greatest common factor of 7 and a?
7
Let u = 52 - 4. Let l(i) = 3*i**2 + 4*i - 4. Let j be l(-3). Suppose j*s - 14*s + 18 = 0. What is the greatest common factor of s and u?
6
Suppose -25*k = -23*k - 16. Let j be -12*1*(-12)/k. Calculate the greatest common factor of 27 and j.
9
Let j(b) = 4*b - 1. Let p(l) = -1. Let x(r) = -j(r) - 2*p(r). Let z be x(-15). Calculate the highest common divisor of z and 7.
7
Let q be (-13)/(65/250)*(-7)/2. Calculate the highest common factor of 7 and q.
7
Let s = -810 - -918. Let k(v) = -6*v. Let r be k(-2). What is the greatest common factor of s and r?
12
Let y(a) = a**3 - 5*a**2 - 6*a + 9. Let c = 10 + -4. Let z be y(c). Let x = 75 + -30. What is the greatest common factor of x and z?
9
Let m(h) = -6*h - 22. Let c be m(-4). What is the greatest common divisor of c and 128?
2
Let u be (15/(-10))/((-15)/25)*16. What is the highest common factor of 180 and u?
20
Suppose -2*j = -k + 52, -k + 2*j = 2*k - 144. Suppose 6*r + k = 172. What is the highest common divisor of 147 and r?
21
Let d be 300/70 - (-2)/(-7). Suppose -f - 2 = -4*x - 5, 0 = d*x - 8. What is the highest common divisor of 1 and f?
1
Suppose 0 = 3*s - 712 + 580. Calculate the highest common factor of s and 1276.
44
Suppose -2*p - 4*b - 21 = 67, -p - 54 = -3*b. Let w be (3/(-2))/((-18)/p). Let y be ((-18)/w)/(12/64). Calculate the greatest common factor of 72 and y.
24
Let s = -92 - -97. Calculate the greatest common divisor of s and 35.
5
Suppose -426 = -14*j + 22. Let d = 13 - 9. Calculate the greatest common factor of j and d.
4
Suppose -12 = 7*a - 3*a, -4*b + 43 = -5*a. Let d be -1 - (5 - b) - -43. Calculate the greatest common factor of d and 33.
11
Let n(b) = b**2 - b - 47. Let i be n(11). Let s = 37 + i. Calculate the highest common factor of s and 25.
25
Let l(h) = -2*h**2 + 113*h + 66. Let k be l(57). Suppose 0*y + 3*y = 189. What is the highest common factor of y and k?
9
Let p(d) = 24*d**2 - 3. Let l be p(-1). What is the highest common factor of 21 and l?
21
Let n(b) = 2*b**3 + 14*b**2 + 4*b - 6. Let u be n(-6). Calculate the greatest common factor of 56 and u.
14
Let d(f) = -5*f + 5. Let m be d(5). Let q be 4/(16/m) + 2. Let r be 1/q*-3*10. What is the greatest common divisor of r and 4?
2
Let h(n) = -232*n + 59. Let s be h(-5). What is the greatest common factor of 53 and s?
53
Let p = 111 - 100. What is the greatest common divisor of p and 99?
11
Let s(g) = g**3 + g + 4. Let m be s(4). Calculate the highest common divisor of 9 and m.
9
Suppose -10 = 2*u + 5*s, -4*u + 11 = 2*s - 1. Suppose -182 = u*f - 677. Calculate the greatest common factor of f and 11.
11
Let m = -207 + 214. Let c(x) = -x**2 - 9*x + 6. Let k be c(-5). Suppose -z + k = -9. Calculate the greatest common factor of z and m.
7
Suppose 4*o - 6*o + 312 = 0. Suppose -t - h = -0*h - 92, 0 = -2*t + 5*h + o. Let d = 26 - 18. What is the greatest common divisor of t and d?
8
Suppose -18 = -2*f + 3*q, -f + 7*q + 19 = 3*q. Let a = 1 - -3. Suppose f*r = -4*g - 2*r + 166, g - 47 = -a*r. What is the greatest common factor of 26 and g?
13
Suppose -3075 - 1981 = -8*o. Calculate the greatest common divisor of 79 and o.
79
Suppose 0 = -4*w + 3*p + 493, 2*p = -0 - 6. Suppose 0 = 5*a + a - 48. Suppose -a*q + 33 = -5*q. Calculate the highest common factor of w and q.
11
Let o = 27 - 6. Let h = 46 - o. Calculate the highest common factor of h and 75.
25
Let w = 28 - 24. Suppose -2*j - w*j = -192. Calculate the highest common divisor of j and 256.
32
Suppose -4*x + 32 = 8. Suppose -5*h + 15 = 40. Let v(l) = -l + 7. Let r be v(h). Calculate the highest common factor of r and x.
6
Let p be (-114)/(-8) + 9/12. Calculate the highest common divisor of 195 and p.
15
Suppose 0 = -296*k + 293*k + 189. What is the highest common divisor of 72 and k?
9
Suppose -27*z - 140 = -5*d - 29*z, -z - 140 = -5*d. Calculate the highest common factor of 182 and d.
14
Suppose 42*d - 69*d = -3024. What is the greatest common divisor of d and 64?
16
Suppose 0 = -j - g + 18, 21 + 69 = 4*j - 5*g. Calculate the highest common divisor of 18 and j.
2
Let x be 7/((-14)/8) - -8. Let u be x*2/(-4) - -17. What is the highest common factor of u and 120?
15
Suppose 3*f - 15*f = -3192. What is the greatest common divisor of f and 19?
19
Let x = 83 + -59. Let c(i) = -4*i - 72. Let o be c(-22). Calculate the highest common factor of x and o.
8
Suppose -2*s - 44 = -6*s. Suppose s - 23 = -y. Calculate the greatest common divisor of 6 and y.
6
Let r(z) = 6*z - 9. Let j be r(9). Let p be (-9)/(-3 - (-4)/2). Calculate the greatest common factor of j and p.
9
Suppose -4*j = 3*v - 29, -5*j - 4*v = -31 - 5. Suppose 0 = -2*a + 14 + j. Calculate the highest common divisor of a and 1.
1
Let z = 33 - -21. What is the highest common divisor of 36 and z?
18
Suppose -14*f - 6 = -16*f. Suppose -39 = -5*h - 4*l, -31 = -10*h + 6*h - f*l. Calculate the highest common divisor of 35 and h.
7
Let v(r) = 3*r**2 + 57*r + 207. Let b be v(-4). What is the highest common divisor of b and 216?
27
Suppose -21*k - 2*y = -24*k + 194, -277 = -4*k - y. Calculate the highest common factor of 391 and k.
17
Suppose -p - 2*d + 251 = 0, -3*p + 662 = -2*d - 59. Calculate the highest common divisor of p and 72.
9
Let y be 12/(-30)*-215*1/2. Suppose -z = -5*h + y, h - 5*h + 23 = 3*z. What is the highest common factor of 8 and h?
8
Let o be 60 + (13 - 8)*3/15. What is the highest common divisor of o and 122?
61
Let x = 1 - -4. Let t be ((16/5)/(-2))/((-2)/x). Calculate the highest common divisor of t and 4.
4
Let k = 16 + 2. Suppose 5*u + g = 30, 4*u - 3*g + 30 = 7*u. Suppose z = -4*z + n + 7, u*z + 3*n - 19 = 0. What is the highest common divisor of z and k?
2
Suppose 0*t + 19 = 5*t - n, -4*t - n = -8. Suppose p = -t + 23. Suppose -s - p = -6*s, -5*s + 71 = 3*r. What is the highest common divisor of 153 and r?
17
Suppose 6*i - 2*i = 48. Suppose -1132*m + 1157*m = 2100. What is the highest common factor of m and i?
12
Let v(x) = 43*x - 331. Let d be v(9). Calculate the greatest common factor of d and 40.
8
Suppose 18 = -4*b + 5*t + 54, b = 3*t + 16. Let y be 3 + (-3)/(6/b) + 14. What is the greatest common factor of 135 and y?
15
Suppose 6*n - 3728 = -1190. Calculate the highest common factor of n and 235.
47
Let x be (108/16)/((-15)/(-80)). Calculate the highest common divisor of x and 132.
12
Let z(s) = -4*s**2 - 2*s + 14. Let t be z(9). Let x = -107 - t. Calculate the highest common factor of 17 and x.
17
Let i(c) = 24*c - 34. Let y be i(2). What is the highest common divisor of y and 189?
7
Let a = 1132 - 742. Calculate the greatest common factor of a and 30.
30
Let o be ((-16)/(-24))/((-2)/(-1599)). Suppose -3*p + 1198 = -o. Suppose 5*n = p - 137. What is the greatest common divisor of 11 and n?
11
Suppose 2*o - q + 11 + 0 = 0, q + 3 = 0. Let r be (-364)/49*-4 - 2/o. Calculate the greatest common divisor of r and 270.
30
Suppose 26*q = 32*q - 1248. Calculate the greatest common factor of 64 and q.
16
Let l be (36 + (3 - 2))*1. Suppose 0 = 2*f - 0*f + 3*s + 9, 0 = -4*f + 5*s + l. Let b be (92/6)/(2/f). What is the greatest common divisor of b and 207?
23
Let q = -89 + 66. Let c = 33 - q. Calculate the highest common factor of 56 and c.
56
Let n(z) = -z**3 - 5*z**2 + 6*z + 17. Let k be n(-8). Calculate the greatest common factor of 23 and k.
23
Let r be ((-105)/(-5))/7 + 37. Calculate the highest common divisor of r and 24.
8
Suppose 4*j - 60 = -a, -12*a - 5*j = -13*a + 60. Let s = 57 - 33. What is the greates